{"id":3,"date":"2018-09-27T12:31:31","date_gmt":"2018-09-27T12:31:31","guid":{"rendered":"https:\/\/xstreamdev.com\/kerempuh\/?page_id=3"},"modified":"2021-11-24T20:02:49","modified_gmt":"2021-11-24T19:02:49","slug":"obavijest-o-kolacicima","status":"publish","type":"page","link":"https:\/\/www.knap.hr\/kazaliste\/obavijest-o-kolacicima\/","title":{"rendered":"Obavijest o kola\u010di\u0107ima"},"content":{"rendered":"[vc_row type=&#8221;in_container&#8221; full_screen_row_position=&#8221;middle&#8221; column_margin=&#8221;default&#8221; column_direction=&#8221;default&#8221; column_direction_tablet=&#8221;default&#8221; column_direction_phone=&#8221;default&#8221; scene_position=&#8221;center&#8221; text_color=&#8221;dark&#8221; text_align=&#8221;left&#8221; row_border_radius=&#8221;none&#8221; row_border_radius_applies=&#8221;bg&#8221; overlay_strength=&#8221;0.3&#8243; gradient_direction=&#8221;left_to_right&#8221; shape_divider_position=&#8221;bottom&#8221; bg_image_animation=&#8221;none&#8221;][vc_column column_padding=&#8221;no-extra-padding&#8221; column_padding_tablet=&#8221;inherit&#8221; column_padding_phone=&#8221;inherit&#8221; column_padding_position=&#8221;all&#8221; background_color_opacity=&#8221;1&#8243; background_hover_color_opacity=&#8221;1&#8243; column_shadow=&#8221;none&#8221; column_border_radius=&#8221;none&#8221; column_link_target=&#8221;_self&#8221; gradient_direction=&#8221;left_to_right&#8221; overlay_strength=&#8221;0.3&#8243; width=&#8221;1\/1&#8243; tablet_width_inherit=&#8221;default&#8221; tablet_text_alignment=&#8221;default&#8221; phone_text_alignment=&#8221;default&#8221; column_border_width=&#8221;none&#8221; column_border_style=&#8221;solid&#8221; bg_image_animation=&#8221;none&#8221;][vc_column_text]\r\n<p class=\"p1\"><b>Obavijest o kola\u010di\u0107ima<\/b><\/p>\r\n<p class=\"p3\"><b>1. \u0160to je kola\u010di\u0107?<\/b><\/p>\r\n<p class=\"p4\">Kola\u010di\u0107 je informacija u obliku obi\u010dne tekst datoteke spremljena na va\u0161e ra\u010dunalo od strane web stranice koju posjetite. Kola\u010di\u0107i obi\u010dno spremaju va\u0161e postavke, postavke za web stranicu, kao \u0161to su preferirani jezik ili adresa. Kada ponovno posjetite tu istu web stranicu, internet preglednik \u0161alje natrag kola\u010di\u0107e koji pripadaju toj stranici. Ovo omogu\u0107ava stranici da prika\u017ee informacije prilago\u0111ene va\u0161im potrebama.<\/p>\r\n<p class=\"p4\">Postoje razli\u010dite vrste kola\u010di\u0107a. U nekim slu\u010dajevima kola\u010di\u0107i se automatski bri\u0161u kada korisnik zatvori svoj preglednik, a u drugim slu\u010dajevima kola\u010di\u0107i se \u010duvaju dulje vrijeme i mogu se koristiti prilikom naknadne upotrebe Usluge.<\/p>\r\n<p class=\"p4\">Va\u017eno je znati: web stranica ne mo\u017ee dobiti pristup podacima kojima niste dali pristup i nikako ne mo\u017ee pristupiti drugim datotekama na Va\u0161em ra\u010dunalu.<\/p>\r\n<p class=\"p4\">Ipak, ako ne \u017eelite da web stranica sprema bilo kakve podatke o tvojem surfanju unutar domene, uvijek mo\u017eete promijeniti postavke svojeg web preglednika.<\/p>\r\n<p class=\"p3\"><b>2. Za\u0161to kola\u010di\u0107i?<\/b><\/p>\r\n<p class=\"p4\">Kako bismo pru\u017eili bolje usluge prilikom posjeta web stranicama, ve\u0107ina stranica upotrebljava kola\u010di\u0107e. To su korisne tehnike prikupljanja i kori\u0161tenja informacija. Web stranice je stoga lak\u0161e koristiti. Kola\u010di\u0107e mogu koristiti vlasnici web stranica ili tre\u0107e strane \u2013 npr. ogla\u0161iva\u010di \u2013 koji komuniciraju putem web stranice koju posje\u0107ujete. Kola\u010di\u0107i, primjerice, osiguravaju da se mo\u017eete prijaviti na web stranicu ili da se va\u0161e postavke, kao \u0161to su postavke lokacije i jezika, zapamte. Oni tako\u0111er prate va\u0161u digitalnu ko\u0161aricu za kupnju kada kupujete putem interneta.<\/p>\r\n<p class=\"p4\">Tako\u0111er, putem kola\u010di\u0107a vlasnici web stranica mogu vidjeti koliko \u010desto posjetitelji pregledavaju njihove web stranice i koje stranice pregledavaju. Nadalje, neki kola\u010di\u0107i mogu pratiti va\u0161e surfanje. Na taj na\u010din web stranice i ogla\u0161iva\u010di mogu saznati vi\u0161e o va\u0161im interesima kako bi mogli prikazati relevantnije oglase. Oglasi nama poma\u017eu financiranje i odr\u017eavanje na\u0161ih web stranica. Zahvaljuju\u0107i kola\u010di\u0107ima, oglasi su prilago\u0111eni \u0161to je vi\u0161e mogu\u0107e va\u0161im afinitetima i interesima.<\/p>\r\n<p class=\"p4\">Kola\u010di\u0107i su pohranjeni na va\u0161em ra\u010dunalu i mo\u017eete ih izbrisati u bilo kojem trenutku.<\/p>\r\n<p class=\"p4\">Koristite funkciju pomo\u0107i u va\u0161em pregledniku kako bi mogli izbrisati kola\u010di\u0107e sa va\u0161eg ra\u010dunala. Imajte na umu da \u0107ete nakon brisanja kola\u010di\u0107a na nekim web-lokacijama ponovo morati postaviti svoje postavke ili se ponovo prijaviti, a mogu\u0107e je da \u0107e se funkcionalnost nekih stranica smanjiti ili u potpunosti prestati.<\/p>\r\n<p class=\"p4\">Va\u017eno je znati: Kori\u0161tenje kola\u010di\u0107a je sigurno. Kampanje putem e-po\u0161te i tele-marketinga nisu rezultat kola\u010di\u0107a. Kola\u010di\u0107i ne pohranjuju va\u0161u adresu e-po\u0161te ili telefonski broj niti izra\u0111uju profil koji mo\u017ee pratiti korisnika uz pomo\u0107 kola\u010di\u0107a. U nastavku potra\u017eite vi\u0161e informacija o kola\u010di\u0107ima koje upotrebljavaju ove web stranice.<\/p>\r\n<p class=\"p3\"><b>3. Vi\u0161e informacija o pojedinim vrstama kola\u010di\u0107a<\/b><\/p>\r\n<p class=\"p4\"><b>Statisti\u010dki kola\u010di\u0107i \u2013 Kola\u010di\u0107i s kojima mo\u017eemo mjeriti kori\u0161tenje web stranice<\/b><\/p>\r\n<p class=\"p4\">Kako bismo utvrdili koji su dijelovi web stranice najzanimljiviji na\u0161im posjetiteljima, kontinuirano poku\u0161avamo uz pomo\u0107 softvera tre\u0107ih osoba izmjeriti koliko posjetitelja dolazi na na\u0161u web stranicu i ono \u0161to se najvi\u0161e prati na njima. Za to koristimo kola\u010di\u0107e.<\/p>\r\n<p class=\"p4\">Statistike se generiraju iz podataka koje prikupljamo. Ove statistike daju nam uvid u to koliko \u010desto je na\u0161a web stranica posje\u0107ena, gdje to\u010dno posjetitelji tro\u0161e najvi\u0161e vremena. To nam omogu\u0107uje da vam struktura, navigacija i sadr\u017eaj web stranice budu \u0161to zanimljiviji i jednostavniji za kori\u0161tenje.<\/p>\r\n<p class=\"p4\">Koristimo kola\u010di\u0107e za:<\/p>\r\n<ul class=\"ul1\">\r\n<li class=\"li4\"><span class=\"s1\">\u2022\u00a0<\/span>pra\u0107enje broja posjetitelja na na\u0161im web stranicama<\/li>\r\n<li class=\"li4\"><span class=\"s1\">\u2022\u00a0<\/span>pra\u0107enje vremena koje svaki posjetitelj provede na na\u0161im stranicama<\/li>\r\n<li class=\"li4\"><span class=\"s1\">\u2022\u00a0<\/span>procjenu koje dijelove na\u0161e stranice treba prilagoditi<\/li>\r\n<li class=\"li4\"><span class=\"s1\">\u2022\u00a0<\/span>optimizaciju web stranice<\/li>\r\n<\/ul>\r\n<p class=\"p4\"><b>Google Analytics<\/b><\/p>\r\n<p class=\"p6\"><span class=\"s2\"><a href=\"https:\/\/www.google.com\/analytics\/terms\/us.html\">https:\/\/www.google.com\/analytics\/terms\/us.html<\/a><\/span><\/p>\r\n<p class=\"p6\"><span class=\"s2\"><a href=\"https:\/\/developers.google.com\/analytics\/devguides\/collection\/analyticsjs\/cookie-usage\">https:\/\/developers.google.com\/analytics\/devguides\/collection\/analyticsjs\/cookie-usage<\/a><\/span><\/p>\r\n<p class=\"p3\"><b>Kola\u010di\u0107i ogla\u0161iva\u010dkih partnera:<\/b><\/p>\r\n<ul class=\"ul1\">\r\n<li class=\"li4\"><span class=\"s1\">\u2022\u00a0<\/span><b>Google Ads<\/b>: koristiti \u0107emo ih u svrhu prikazivanja relevantnih oglasa, temeljeno na prija\u0161njim posjetama webu.\u00a0<a href=\"https:\/\/www.vmware-journey.hr\/cratis-cloud\/obavijest-o-kolacicima\/%22\"><span class=\"s4\">https:\/\/policies.google.com\/technologies\/ads<\/span><\/a><\/li>\r\n<\/ul>\r\n<ul class=\"ul1\">\r\n<li class=\"li4\"><span class=\"s1\">\u2022\u00a0<\/span><b>Linekdin Ads:\u00a0<\/b>koristiti \u0107emo ih u svrhu prikazivanja relevantnih oglasa, temeljeno na prija\u0161njim posjetama webu.\u00a0<a href=\"https:\/\/www.vmware-journey.hr\/cratis-cloud\/obavijest-o-kolacicima\/%22\"><span class=\"s4\">https:\/\/www.linkedin.com\/legal\/ads-policy<\/span><\/a><\/li>\r\n<\/ul>\r\n<p class=\"p3\"><b>4. Postavke preglednika<\/b><\/p>\r\n<p class=\"p4\">Ako ne \u017eelite pohranjivati kola\u010di\u0107e web stranica na svom ra\u010dunalu, mo\u017eete podesiti postavke preglednika tako da primite upozorenje prije nego \u0161to se kola\u010di\u0107i postave. Tako\u0111er mo\u017eete prilagoditi postavke tako da va\u0161 preglednik odbije sve kola\u010di\u0107e ili samo kola\u010di\u0107e tre\u0107ih strana te ujedno mo\u017eete izbrisati ve\u0107 postavljene kola\u010di\u0107e. Imajte na umu da morate podesiti postavke zasebno za svaki preglednik i ra\u010dunalo koje koristite.<\/p>\r\n<p class=\"p4\">Budite svjesni da ako onemogu\u0107ite kola\u010di\u0107e, vi\u0161e ne mo\u017eemo jam\u010diti da \u0107e na\u0161a web stranica ispravno funkcionirati. Mogu\u0107e je da neke funkcije web stranice budu izgubljene ili da \u010dak ne mo\u017eete vidjeti odre\u0111ene web stranice. Osim toga, odbijanje kola\u010di\u0107a ne zna\u010di da vi\u0161e ne\u0107ete vidjeti oglase. U tom slu\u010daju oglasi vi\u0161e nisu prilago\u0111eni va\u0161im interesima i \u010de\u0161\u0107e se ponavljaju.<\/p>\r\n<p class=\"p3\"><b><\/b><b>5. Zavr\u0161ne napomene<\/b><\/p>\r\n<p class=\"p4\">Mogu\u0107e je da s vremena na vrijeme prilago\u0111avamo ove izjave, jer se, na primjer, na\u0161a web stranica ili pravila koja se odnose na kola\u010di\u0107e, mijenjaju. Mo\u017eemo promijeniti sadr\u017eaj izjava kao i popise tre\u0107ih stranaka \u010dije kola\u010di\u0107e koriste na\u0161e web stranice i bez prethodne obavijesti, osim ukoliko \u0107e takva izmjena utjecati na bilo koje va\u0161e pravo, u kojem slu\u010daju \u0107emo vas o tome pravovremeno obavijestiti. Uvijek mo\u017eete pregledati ovu web stranicu kako biste vidjeli najnoviju verziju.<\/p>\r\n<p class=\"p4\">Ako imate bilo kakvih pitanja i\/ili komentara, molimo kontaktirajte nas na:<br \/><a href=\"mailto:centar@knap.hr\">centar@knap.hr<\/a><\/p>\r\n[\/vc_column_text][\/vc_column][\/vc_row]","protected":false},"excerpt":{"rendered":"<p>[vc_row type=&#8221;in_container&#8221; full_screen_row_position=&#8221;middle&#8221; column_margin=&#8221;default&#8221; column_direction=&#8221;default&#8221; column_direction_tablet=&#8221;default&#8221; column_direction_phone=&#8221;default&#8221; scene_position=&#8221;center&#8221; text_color=&#8221;dark&#8221; text_align=&#8221;left&#8221; row_border_radius=&#8221;none&#8221; row_border_radius_applies=&#8221;bg&#8221; overlay_strength=&#8221;0.3&#8243; gradient_direction=&#8221;left_to_right&#8221; shape_divider_position=&#8221;bottom&#8221; bg_image_animation=&#8221;none&#8221;][vc_column column_padding=&#8221;no-extra-padding&#8221; column_padding_tablet=&#8221;inherit&#8221; column_padding_phone=&#8221;inherit&#8221; column_padding_position=&#8221;all&#8221; background_color_opacity=&#8221;1&#8243; background_hover_color_opacity=&#8221;1&#8243; column_shadow=&#8221;none&#8221; column_border_radius=&#8221;none&#8221; column_link_target=&#8221;_self&#8221;&#8230;<\/p>\n","protected":false},"author":1,"featured_media":0,"parent":0,"menu_order":10,"comment_status":"closed","ping_status":"open","template":"","meta":{"_acf_changed":false,"_seopress_robots_primary_cat":"","_seopress_titles_title":"","_seopress_titles_desc":"","_seopress_robots_index":"","footnotes":""},"class_list":["post-3","page","type-page","status-publish"],"acf":[],"_links":{"self":[{"href":"https:\/\/www.knap.hr\/kazaliste\/wp-json\/wp\/v2\/pages\/3","targetHints":{"allow":["GET"]}}],"collection":[{"href":"https:\/\/www.knap.hr\/kazaliste\/wp-json\/wp\/v2\/pages"}],"about":[{"href":"https:\/\/www.knap.hr\/kazaliste\/wp-json\/wp\/v2\/types\/page"}],"author":[{"embeddable":true,"href":"https:\/\/www.knap.hr\/kazaliste\/wp-json\/wp\/v2\/users\/1"}],"replies":[{"embeddable":true,"href":"https:\/\/www.knap.hr\/kazaliste\/wp-json\/wp\/v2\/comments?post=3"}],"version-history":[{"count":1,"href":"https:\/\/www.knap.hr\/kazaliste\/wp-json\/wp\/v2\/pages\/3\/revisions"}],"predecessor-version":[{"id":8293,"href":"https:\/\/www.knap.hr\/kazaliste\/wp-json\/wp\/v2\/pages\/3\/revisions\/8293"}],"wp:attachment":[{"href":"https:\/\/www.knap.hr\/kazaliste\/wp-json\/wp\/v2\/media?parent=3"}],"curies":[{"name":"wp","href":"https:\/\/api.w.org\/{rel}","templated":true}]}}